me factors of 0 + 415 - 192/(-64).
2, 11, 19
Suppose -2*y - 9 = l, l + 4*y + 22 = 3. Let z be 6 - (1 + (2 - l)). Suppose 3*o = z*n - 0*o - 99, 2*n = o + 51. List the prime factors of n.
3
Let b be ((-16)/(-20))/2*25. Suppose 2*f - b = -0*f. Suppose 5*g - 200 = -f*y, -4*g + 82 = -5*y - 33. What are the prime factors of g?
5, 7
Let l = -38 - -71. Suppose -3*h + l = 3*s, 4*s - 36 = 4*h - 0*h. What are the prime factors of s/(-3*(-1)/9)?
2, 3, 5
Let t = 617 - 333. What are the prime factors of (t/1)/(3 - 1)?
2, 71
Suppose -3*i = -s - 11, -2*s + 4*s - 2*i = -2. Let g be (-2)/8 - (-1)/s. Suppose g*c = c - 29. List the prime factors of c.
29
Suppose 1867 = 34*p - 1227. List the prime factors of p.
7, 13
Suppose 48339 - 195044 = -65*x. List the prime factors of x.
37, 61
Let p(z) be the second derivative of 11*z**3/6 - 21*z**2/2 - 2*z. List the prime factors of p(14).
7, 19
Suppose 4*p - q - 1609 = 4792, 0 = p - 4*q - 1604. What are the prime factors of p?
2, 5
Let i(m) = -56*m**3 + m**2 + 2*m + 1. Suppose 2 = -3*j - 1. Let c be i(j). Let q = c + -28. What are the prime factors of q?
2, 7
Let u = -1389 - -3384. What are the prime factors of u?
3, 5, 7, 19
Let y be -2*(1 + -2)/2. Suppose 0 = -f - y. List the prime factors of (f - -5)*10/4.
2, 5
Let d(w) = 35*w + 115. List the prime factors of d(6).
5, 13
Let u be ((-3240)/50)/(1/((-20)/6)). Let v = -97 + u. List the prime factors of v.
7, 17
Let v(s) = 9*s + 51. List the prime factors of v(7).
2, 3, 19
List the prime factors of 1209 + (-5)/((-45)/72).
1217
List the prime factors of 279/2 - 8/(-48)*3.
2, 5, 7
Let q = 323 - 125. Let s be q/(-10) - (-2)/(-10). Let n = 41 + s. List the prime factors of n.
3, 7
Let c(k) = -k - 1. Let s be c(-3). Suppose 5*l = s*b + 199, 3*b = 4*l + 5*b - 152. List the prime factors of l.
3, 13
Let b(z) = 4*z**2 - 46*z - 66. What are the prime factors of b(19)?
2, 3, 7
Let a(u) = 28*u**2 - 9*u + 22. What are the prime factors of a(4)?
2, 7, 31
Let g(p) = 21*p + 11. Suppose -s - 4*s + 52 = -2*h, s - 4 = 0. Let y(t) = 106*t + 56. Let l(m) = h*g(m) + 3*y(m). List the prime factors of l(-4).
2
What are the prime factors of -8 + (4032/2)/2?
2, 5
Suppose 6*r = 8*r - 22. Let x = r - 24. Let w = x + 33. List the prime factors of w.
2, 5
Let s = 33 - 10. Suppose 41 + s = 2*b. Suppose -f + 3*f - b = 0. What are the prime factors of f?
2
Suppose -7*h + 797 = -442. Let o = -102 + h. List the prime factors of o.
3, 5
Suppose 0 = 18*o - 5*o - 104. What are the prime factors of (1266/o)/((-75)/(-100))?
211
Let u = 70 + -7. Suppose 0 = -2*i - i + u. Suppose 3*a - 15 = i. List the prime factors of a.
2, 3
Let h be ((-3)/(-2))/((-3)/(-8)). Suppose -y - 42 = -4*d - 16, -d + h*y - 1 = 0. Suppose -u + d = -7. List the prime factors of u.
2, 7
Suppose 2*v + 6 = -5*b, 2*b + 7 - 1 = v. Let r = -52 - -164. Suppose 2*t + v*t - r = -2*y, -5*t + y = -154. What are the prime factors of t?
2, 3, 5
Let p be (-15)/(-20) - (-3)/(-4). Suppose 5*x + 5*v + p = 5, 1 = x - 3*v. Suppose -22 = -u - x. What are the prime factors of u?
3, 7
Suppose -5*f = -6*f + 12. Let p be 4/18 + (-76)/18. Let c = p + f. List the prime factors of c.
2
Let p be 8 - (5 + 0 + -2). Suppose u = -p*a + 35, -4*u = 3*a + a - 60. Let j = 18 - u. What are the prime factors of j?
2
What are the prime factors of (-154 + 158)/((-583)/584 + 1)?
2, 73
Suppose 3*z = -9, -21*a + 3*z = -17*a - 6321. List the prime factors of a.
2, 3, 263
Let x be 1/(0 - 2/(-6)). Suppose 0 = 5*j - 5*q - 40, -x*j + 2*q = 6*q - 3. Suppose -3*r + 40 = -4*i, -3*i = j*r - 32 + 4. What are the prime factors of r?
2
Let z(o) = -4*o**3 + 4*o**2 + o - 1. Let r be z(3). List the prime factors of ((-879)/21 + -1)/(10/r).
2, 3, 5
Let a(j) be the first derivative of 10*j**3 - 3*j**2 - 12*j - 42. What are the prime factors of a(-3)?
2, 3, 23
Let b(x) = -5*x**3 - 31*x**2 + 7*x - 24. Let v(l) = -2*l**3 - 15*l**2 + 4*l - 12. Let r(k) = 3*b(k) - 7*v(k). List the prime factors of r(10).
2, 71
Suppose -c - 9 = -11. Let f be ((-2)/c)/(5/(-425)). Suppose 2*m = 5*y - f, -y = -0*y - m - 14. What are the prime factors of y?
19
Let u(d) = -d - 6. Let l be u(-9). Let g(b) = -l*b + 2*b**2 - 3*b + 6 + 0*b - 3. What are the prime factors of g(5)?
23
Suppose 4*y = -3*f + 259 + 115, -4*y + f + 366 = 0. What are the prime factors of y?
2, 23
Suppose 4*l + n - 3*n + 184 = 0, -2*n + 4 = 0. Let q = l - -80. List the prime factors of q.
5, 7
Let n be (-28)/(-6)*(-6)/(-7). Let b = -112 + 171. Suppose -n*x - 13 = -v + 12, -4*x - b = -3*v. What are the prime factors of v?
17
Let w(t) = 30*t - 235. List the prime factors of w(59).
5, 307
Let m(r) = -r**3 - 3*r**2 - 7*r + 24. What are the prime factors of m(-8)?
2, 5
Let d = 576 - 398. Suppose 100 = 4*v - 5*y - d, -8 = 4*y. List the prime factors of v.
67
Let y(k) = -2*k + 18. List the prime factors of y(-4).
2, 13
Let s(c) = -c**3 - 30*c**2 + 3. Let f be s(-30). Suppose -169 = -4*l + f*d, 2*l - 65 = -0*l - 5*d. What are the prime factors of l?
2, 5
Let l(w) = 11*w**3 - w**2 - 1. Let a be l(2). Let k = -26 + -18. Let t = k + a. What are the prime factors of t?
3, 13
Suppose -2*r = z - 8 - 12, -40 = -4*r + 4*z. Let k = 20 + r. List the prime factors of k.
2, 3, 5
Let f(s) = -s**3 + 37*s**2 - 3*s + 94. What are the prime factors of f(34)?
2, 5, 173
Let j = -679 + 1256. List the prime factors of j.
577
Let m(n) = -11 + 3*n + 19 + 1 + 17. List the prime factors of m(0).
2, 13
Let w(t) = -2*t**3 - 8*t**2 - 14*t - 6. List the prime factors of w(-9).
2, 3, 5, 31
Let c = -42 + -25. Let v = c + 98. What are the prime factors of v?
31
Suppose 0 = 6*b - 8 - 10. Suppose 2*h = l - b*l + 22, -l - 4*h = -23. Suppose -l*q = -9*q + 26. What are the prime factors of q?
13
Let s(j) = 3*j + 21. Let w be s(-5). Suppose -w*p + 9*p - 336 = 0. What are the prime factors of p?
2, 7
Let s = -235 - -293. What are the prime factors of s?
2, 29
Suppose -3 = l + 3*j - 0, 3*j = 3*l + 9. Let x = 5 + l. Suppose -15 = -5*t, -3*a = x*a - 3*t - 26. What are the prime factors of a?
7
Suppose -207 = 3*n + 144. Let v = -18 - n. What are the prime factors of v/27 + (-4)/6?
3
Suppose 11 = 3*m - 994. Suppose 8*x = 3*x + m. What are the prime factors of x?
67
Let l(m) = -3*m**2 + 15*m + 11. Let o be l(6). What are the prime factors of (-627)/o - (-24)/56?
2, 3, 5
Suppose -127 + 2637 = 2*t - 3*n, 5*n - 4998 = -4*t. List the prime factors of t.
2, 313
Let w(o) = 4*o - 1. Let g be w(4). Suppose 6*n = n + g. Suppose n*s - 14 = 166. List the prime factors of s.
2, 3, 5
What are the prime factors of ((-102)/(-8))/((-9)/(-72)*2)?
3, 17
Suppose 3 = -4*a - f + 7, -4*a + 5*f + 28 = 0. Suppose -5*j = -2*u - 0*j + 19, u = -5*j + a. List the prime factors of u.
7
Let j = 6424 - 3081. What are the prime factors of j?
3343
Let s = -269 + 141. Let w = s + 398. What are the prime factors of w?
2, 3, 5
Suppose 0 = -2*c + 5*c - 3216. What are the prime factors of c/(-24)*(-3)/2?
67
Let d = -102 - -80. What are the prime factors of (-4)/22 + (-1302)/d?
59
Let h = 46 - -70. List the prime factors of h.
2, 29
Suppose 0 = -8*b + 2073 - 209. What are the prime factors of b?
233
Let x be -2*3*(-80)/24. Suppose x = 5*c - 0*c. Suppose -c*p - 2*j + 54 = 0, -14 - 25 = -3*p - j. List the prime factors of p.
2, 3
What are the prime factors of (-40)/20 - 6*447/(-2)?
13, 103
Let a(v) = -v + 1. Let r be a(-2). Suppose -r*s + h = -133, 3*s = -2*h - h + 129. What are the prime factors of s?
2, 11
Let x = 65 + -34. Let s be (232/(-10))/((-4)/10). Let y = s - x. List the prime factors of y.
3
Suppose -6*z = -2*f - z + 213, 3*z = 5*f - 561. Suppose -7*l - f = -807. List the prime factors of l.
3, 11
Let j = -54 - -93. Let y = 21 - j. What are the prime factors of (y/(-4))/((-2)/(-12))?
3
Let o be (1/(-2))/(7/(-28)). Suppose o*t = -5*u + 130, 2*t + 4*u - 128 = -0*u. What are the prime factors of t?
2, 3, 5
Let j be 0 - 8/(-12)*-93. Let c = 21 - j. List the prime factors of c.
83
List the prime factors of (-240)/(-8)*(-312)/(-16).
3, 5, 13
Let a(f) = 12*f**2 - 36*f - 17. List the prime factors of a(7).
11, 29
Let g(z) = 5*z**2 + 95*z - 28. List the prime factors of g(-22).
2, 151
Suppose 2400 = 3*h - 2*u, -26*u + 27*u = -4*h + 3189. What are the prime factors of h?
2, 3, 7, 19
Let t = 843 + -399. What are the prime factors of 6/(-4)*t